/2)*74. Let l = -22 + f. Let a be 28/10 - (-9)/45. What is the greatest common divisor of a and l?
3
Suppose 2*r + 5*a - 2*a - 110 = 0, r - 50 = -4*a. Suppose 2*m - r - 222 = 0. Calculate the greatest common divisor of m and 35.
35
Suppose -x + 344 = -0*x. Let s = 741 - x. Suppose 4*n - s = 83. What is the highest common factor of 15 and n?
15
Let b = 51 + -40. Calculate the greatest common divisor of 33 and b.
11
Let p = -32 + 8. Let o = 60 + p. Suppose 0 = -5*f + 14 + 6. Calculate the highest common divisor of f and o.
4
Let u(h) = h**3 + 2*h**2 - 2*h + 1. Let d be (-9)/(-12)*-2*-2. Let r be 8/d + (-4)/6. Let v be u(r). Calculate the greatest common divisor of 143 and v.
13
Let q be 1/(1/(-2))*-2. Suppose 9*s - 340 = q*s. What is the highest common factor of s and 17?
17
Let n = -127 + 139. Calculate the highest common divisor of 6 and n.
6
Let f be (-36 - -14)*1/(-2). What is the greatest common divisor of f and 55?
11
Let m be (3/(-1))/((-5)/25). Calculate the greatest common factor of 60 and m.
15
Suppose 5*c + 3 - 23 = 0. Calculate the greatest common factor of 32 and c.
4
Let k(d) = d**2 - 4*d + 11. Let p be k(-11). Let b = 7 - 2. Let g(q) = q**2 - q - 4. Let s be g(b). Calculate the greatest common divisor of s and p.
16
Let f be (-4)/10 - 84/(-10). Let s(u) = u + 3. Let j be s(5). What is the highest common factor of j and f?
8
Suppose s - 80 = -3*s. Suppose 6*o = 2*t + o + 9, 0 = -4*t + 4*o + 12. What is the greatest common factor of t and s?
4
Let d(q) = 101*q + 1. Let y be d(-3). Let r = -170 - y. Calculate the greatest common divisor of r and 12.
12
Let u = -51 + 86. Let j = u + -13. Let k = 5 + -3. What is the greatest common divisor of j and k?
2
Let t = 10 - 7. Suppose -t*j = -32 - 28. What is the greatest common divisor of j and 5?
5
Suppose -3*j + 70 = 2*p, 4*j - 38 = 2*j + 3*p. Suppose 176 = 2*i + 2*i. Calculate the highest common factor of i and j.
22
Suppose 72 = 5*w + 297. Let v be 7100/w + (-2)/9. Let r be 4/(-14) + v/(-14). What is the highest common factor of r and 33?
11
Suppose -2 = -a - 0*a. Suppose a = 5*k - 38. Let f be (75/10)/(6/k). What is the greatest common divisor of f and 25?
5
Let w = 1 + 2. Let n be w/(2/4*3). Let z be n/(-4) - 34/(-4). What is the greatest common divisor of 8 and z?
8
Let d be 28 - (-5)/(20/(-8)). Calculate the greatest common divisor of 234 and d.
26
Let b(g) = 6*g. Let p be b(7). Let j = p + -21. Calculate the highest common divisor of 21 and j.
21
Suppose -u - 5 = -6*u. Let i = u + 8. Let g(x) = x**3 + x**2 + 99. Let d be g(0). What is the highest common factor of i and d?
9
Let k(c) = -3*c - 1. Let l be k(-2). Let v be (32/10)/(1/l). Calculate the highest common factor of 16 and v.
16
Suppose -15*h + 12*h + 9 = 0. Calculate the highest common factor of 1 and h.
1
Suppose -4 = -x + t, 0*t = 3*x + 3*t - 30. Suppose -3*v = -60 - 24. What is the highest common divisor of v and x?
7
Let n = 9 - -15. Calculate the greatest common factor of n and 192.
24
Suppose -s + 5*d = -5 - 2, -2*s + 14 = -4*d. Suppose -26 = -l + 9. What is the greatest common factor of s and l?
7
Let t = 85 + -25. Calculate the greatest common factor of 45 and t.
15
Let l be 8/6*(1 + 2). Let a(w) = -w**2 + 4*w + 2. Let x be a(4). Suppose 2*r - x*u - 34 = -3*r, -r - 5*u = l. Calculate the greatest common divisor of r and 15.
3
Let x = 60 - 36. What is the greatest common factor of 12 and x?
12
Suppose -i - 4*i + 200 = 0. Let f be 2/8 + 93/12. What is the greatest common divisor of f and i?
8
Let p be (-132)/(-8)*(-48)/(-9). Let v = 16 + p. What is the greatest common divisor of 13 and v?
13
Let w be ((60/18)/1)/((-2)/(-36)). What is the highest common divisor of w and 15?
15
Let q be -18 - -16 - (-3 - 0). Calculate the greatest common factor of q and 9.
1
Let j be (-2)/(-8) + 76/16. Suppose 0*r = 3*r + 2*h - 74, j*r = -3*h + 125. Calculate the greatest common factor of 4 and r.
4
Let b(r) be the third derivative of -5*r**4/6 - 11*r**3/6 - 2*r**2. Let z be b(-8). Suppose -5*d + z = 44. Calculate the greatest common divisor of d and 189.
21
Suppose 37 = -2*m + 65. Calculate the highest common divisor of m and 21.
7
Suppose 0 = -4*f + 8*f - 392. Let j(x) = x**3 + 6*x**2 - x - 2. Let c be j(-6). Suppose w = c*w - 42. What is the highest common factor of f and w?
14
Let m(t) be the third derivative of t**5/30 + t**4/3 - t**3/2 + 2*t**2. Let o be m(-6). Let q be 79/11 - 2/11. What is the greatest common factor of q and o?
7
Suppose -t - 3*r = -20, 5*t = 2*t + 2*r + 27. Calculate the greatest common divisor of t and 11.
11
Suppose -2*q + 238 = 3*f, -4*f + 324 = q - 0*q. Suppose -f = -o + 3*o. Let s = -24 - o. Calculate the greatest common divisor of 51 and s.
17
Let x be (8/10)/((-2)/(-35)). What is the greatest common factor of 140 and x?
14
Let z be ((-2)/7)/(2/(-28)). Suppose -56 = -4*n + 3*g - g, z*g - 16 = 0. Calculate the greatest common factor of n and 40.
8
Suppose -2*m + 242 = 26. What is the highest common factor of m and 12?
12
Let s be -13*10/(1 - 6). What is the greatest common divisor of 65 and s?
13
Suppose 0 = -6*s + 4*s + 4. Let v = 28 - s. What is the highest common factor of 13 and v?
13
Suppose -3*q - 24 = -3*j, 3*q + q - 4 = -5*j. What is the highest common divisor of j and 36?
4
Suppose 37*j = 38*j - 221. Calculate the highest common divisor of 17 and j.
17
Suppose 3 = 3*o - 0. Let b be 6/9*54/4. What is the greatest common divisor of b and o?
1
Suppose 3*g = 2*g + 5. Let p be (g/(-1) - -3) + -19. Let l be p/(-3) + 2/2. Calculate the highest common divisor of 24 and l.
8
Let f = 11 + -7. Suppose -4*s + 21 = -5*n, -3*n + n = f*s - 14. Suppose -5*d = -4*z - 180, -z = -d + 26 + 10. Calculate the highest common factor of s and d.
4
Suppose -2*i = -j - 17, -3 - 2 = i - 5*j. Let p = 3 + i. Let l = p + 22. What is the greatest common factor of 5 and l?
5
Let k be 32/12*30/8. Let d(w) = w + 1. Let q be d(k). Suppose 2*f - 13 - q = 0. Calculate the highest common divisor of f and 4.
4
Suppose -3*o - 2*l + 160 = o, -5*o + 203 = 4*l. What is the highest common divisor of o and 429?
39
Suppose 0 = 2*l - 3*d + d - 130, 3*l - 2*d - 193 = 0. Let m(g) = -10*g - 1. Suppose k + 2*k = -3. Let o be m(k). Calculate the highest common factor of o and l.
9
Let a be 274/17 + 8/(-68). What is the highest common divisor of a and 88?
8
Suppose p + 2*x = 0, 2*x + 3 = p - 5. Suppose 0 = 2*v + 5*z - 5, -v - 5 = z + p*z. What is the highest common divisor of 50 and v?
10
Suppose 2 = v - 2, 0 = 2*z - 3*v - 88. Let w = -12 + 32. What is the greatest common factor of z and w?
10
Let s = -17 - -23. What is the greatest common factor of 14 and s?
2
Suppose 5*a = 3*c + 7*a - 132, a = 5*c - 207. What is the greatest common factor of 12 and c?
6
Suppose x + 4*x - 55 = 0. Suppose -3 + 7 = 2*u. Suppose y - u*y = -1. Calculate the greatest common factor of x and y.
1
Suppose -9*w = -10*w + 15. What is the greatest common divisor of 3 and w?
3
Let x(n) = n**3 - n**2 - n + 3. Let u be x(3). Calculate the highest common factor of 54 and u.
18
Let g(n) = 9*n**2 + n + 2. Let h be g(2). Let t = h + 5. Let l = -5 - -10. Calculate the greatest common factor of t and l.
5
Let v(r) = r**2 - 4*r - 7. Let t be v(7). Calculate the greatest common factor of t and 14.
14
Suppose -2*j = -141 - 51. Let x = 9 - -23. Calculate the highest common divisor of x and j.
32
Let s be 2/5 - 9/(-15). Suppose 2*j - 4*w + s = 11, 5*w = -4*j + 33. Let a = 26 - 5. Calculate the greatest common divisor of j and a.
7
Let q be (0 + 2)/2*0. Let h(j) = -j + 12. Let a be h(q). Suppose -4*i - 5*v + 41 = 0, 4*v - 17 - 23 = -5*i. Calculate the greatest common divisor of i and a.
4
Suppose -2*o - o + 18 = 0. Suppose -o = -3*r - 4*f - f, 0 = -f - 3. Suppose -3*j - 200 = -r*j. Calculate the highest common factor of j and 20.
10
Suppose z + 313 = 5*k, -24 = -3*k - z + 159. What is the highest common divisor of 155 and k?
31
Suppose -2*s + 136 = -172. What is the greatest common factor of 14 and s?
14
Let f(q) = -3*q + 3. Let b be f(-3). Let g = 1 + 0. Let i be g/(-4) + (-290)/(-8). Calculate the greatest common factor of b and i.
12
Suppose 2*x + x + 96 = 0. Let a = x - -46. Calculate the greatest common divisor of 21 and a.
7
Suppose -5*w = 5*k - 165, -4*w - 2*k + 91 + 35 = 0. Let x(n